Let u(t) = -3*t - 1 + t**3 + 23*t**2 - m - 6*t**2. What is the tens digit of u(-17)?
4
Let p(q) = q**2. Let t(m) = -6*m**2 + 8*m + 1. Let d(k) = 4*p(k) + t(k). Let f be d(4). What is the tens digit of (84/16)/(f/8)?
4
Suppose 5*c = 8 + 2. Suppose -c*v + 3*g = -g - 62, 0 = -v - g + 28. Suppose -v = 2*y - 121. What is the units digit of y?
6
Let i be 510/35 - -6 - (-8)/(-14). Suppose 0 = i*b - 24*b + 424. What is the units digit of b?
6
Suppose 0 = 41*w - 46*w + 10. Suppose w*g + 22 = 32. What is the units digit of g?
5
What is the hundreds digit of (-3346)/(-13 + 5 - (2 + -8))?
6
Let u(m) = m**3 - 8*m**2 + 6*m + 8. Let t be u(7). Let a(l) = -79*l - t + 0 - 2 + 2. What is the units digit of a(-1)?
8
Suppose 20 = 5*t + 5*t. Suppose -w + 138 = t*h + 1, -16 = 4*h. What is the units digit of w?
5
Let g(j) = j**3 + 7*j**2 + j + 12. Let d be g(-7). Suppose -d*l + 60 = 4*m - 21, 2*l = 10. What is the tens digit of m?
1
Suppose -x = 2*x + 63. Let j = -16 - x. What is the units digit of j?
5
Suppose 10 = -4*l - 6. Let x be -3*l/18*96. Suppose 5*v - x = 31. What is the units digit of v?
9
Suppose 38*z + 17186 = 90222. What is the tens digit of z?
2
Let o(p) = p - p - 299 - 2*p + 276 + 2*p**2. What is the tens digit of o(9)?
2
Suppose 25*k - 230 - 2720 = 0. What is the tens digit of k?
1
Let p(b) = -4*b**3 + 18*b**2 + 65*b + 10. What is the thousands digit of p(-8)?
2
Suppose -2*n + 36 = 2*n. Let r = 9 - n. What is the units digit of 1 - r - (2 + -6)?
5
Suppose 5*k - n = 2135, 20 = -2*n - 2*n. What is the hundreds digit of k?
4
Let r(y) = -y**2 + 2*y + 622. Let f be r(0). Let k = 889 - f. What is the hundreds digit of k?
2
Let b = 240 + 1958. What is the thousands digit of b?
2
Suppose -4*y + 5273 + 8147 = 2*n, 3*y = 5*n + 10091. What is the tens digit of y?
5
Let n be 3640/21 - 6/(-9). Suppose 2*g + 8*k = 4*k - 66, 0 = -5*g - k - n. What is the tens digit of (-4)/(1 - 3) - g?
3
Let o(m) = 2*m - 4. Let w be o(4). Suppose w*y - 2*d = 26, -25 = 4*d - 5. Suppose y*x + 61 = 5*x. What is the units digit of x?
1
Suppose -3*p + 16 = j - 16, -25 = -5*j. Suppose 0 = -p*y + 4*y + 210. What is the tens digit of y?
4
Let z be (-2 + 14)*2/3. Let r(i) = 5*i + i**2 - 7*i + 8 + z*i. What is the units digit of r(-7)?
5
Let b = 31 - 31. Suppose 0 = -5*o - s + 8, b*o - o + 2*s = 5. What is the tens digit of (295/(-15) + o)*-3?
5
Suppose 12*c - 20 = 8*c. Suppose j - c = 0, 2*k + 3*j - 20 = j. Suppose k*v - v = 48. What is the units digit of v?
2
Let v(l) = l**3 + 4*l**2 - 6*l. Let y be v(-5). What is the tens digit of (-7608)/(-60) + 1/y?
2
Let d(u) = 3*u**3 + u**2 - u. Let a be d(1). Let r(z) = 8*z**2 - 3*z**3 + z - 3 - a*z**3 - 2 + 7*z**3. What is the units digit of r(-7)?
7
Suppose y = -2*x + 779, 5*y - 2*x = 2*y + 2305. What is the units digit of y?
1
Let f be (-1)/(-9)*3 + 69/9. Suppose -7*a = -13 - f. What is the units digit of a?
3
Let z(j) = -2774*j + 3. What is the hundreds digit of z(-1)?
7
What is the tens digit of 13779/27 - ((-16)/(-12) + -1)?
1
Suppose -6*a - 29*a = -42315. What is the hundreds digit of a?
2
Let n(x) be the second derivative of x**5/20 + 11*x**4/6 + 11*x**3/2 - 39*x**2/2 - 13*x. What is the hundreds digit of n(-20)?
1
Let n(s) = -45*s - 17. Let v = -34 - -26. Let o be n(v). Suppose -5*z + o = 68. What is the units digit of z?
5
Let b be ((-2)/(-5))/(5/(-25)). Let r = 25 + b. What is the units digit of r?
3
Suppose 0 = -6*c + 2910 + 1140. What is the hundreds digit of c?
6
Let z(b) = -4*b**2 + 168*b + 82. What is the units digit of z(40)?
2
Let r = -27 - -35. Let a(f) = -f**3 - 7*f**2 + f + 2. Let m(g) = -3*g**3 - 14*g**2 + 3*g + 5. Let c(q) = 5*a(q) - 2*m(q). What is the tens digit of c(r)?
5
Let z = 28 - -401. What is the tens digit of z?
2
Let m(v) = v**3 + v. Let c(w) = -7*w**3 - 6*w**2 - 6*w - 4. Let y(n) = c(n) + 4*m(n). What is the units digit of y(-4)?
0
What is the tens digit of (3 - 4)/(37086/(-7416) + 5)?
3
Let y(d) be the third derivative of d**5/30 - 5*d**4/24 + d**3/3 + d**2. Let h be y(3). What is the tens digit of (16/10)/(h/200)?
6
Suppose i - 12 = -2*h - 3, -18 = -3*h + 3*i. Suppose 0 = h*o - 2*j + 5*j, 3*j = -o - 12. What is the units digit of 21 - (4 + (o - 4))?
8
Suppose -21*b + 30582 + 64086 = 0. What is the units digit of b?
8
Let j(u) = -17*u. Suppose 5*p + 75 = 5*x, -5*p + 30 - 5 = 0. Let d = 18 - x. What is the units digit of j(d)?
4
Suppose 5*k = 13*j - 9*j + 2426, 1940 = 4*k - 3*j. What is the hundreds digit of k?
4
Suppose -3*s + 16 - 3 = 4*n, 3*n + 3*s = 6. What is the tens digit of n*(0 + -5)/(-1)?
3
Let f(t) = -12 - t**2 - 16*t + 0*t**2 - 3. Let m be f(-15). Suppose 4*p - 3*d - 82 = 0, 4*d - 3*d - 2 = m. What is the tens digit of p?
2
Suppose -n = 3*q - 21, -4*n + 5*q + 6 = -61. Let p = n - -11. Let g = -17 + p. What is the units digit of g?
2
Suppose 0 = -4*d + 16, 4*y = y + 2*d + 6715. What is the tens digit of y?
4
What is the units digit of ((-60)/50)/(-1)*620?
4
Suppose -38 = -4*d - 2. Let f = 67 - 85. What is the units digit of (-1398)/f - (-3)/d?
8
Let w = -16 + 65. Let q = w - -7. What is the units digit of (-2)/(-6) + q/12?
5
Suppose -29*o - 5*a = -27*o - 2430, 0 = 2*o + a - 2438. What is the tens digit of o?
2
Let k be (-2 - 1)/(3/36*-3). What is the tens digit of 0*(-3)/k + (0 - -109)?
0
Suppose l = 4*h - 0*l + 2, -2*l = 4. What is the units digit of h/(2/8*-2)?
2
Let m = -16 - -19. Suppose -11 = m*g + 4, -4*r + 5*g + 33 = 0. Suppose -r*j = -66 - 8. What is the tens digit of j?
3
Let i be (-3)/(-2 + (-988)/(-500)). Suppose -5*w + 135 = -p, 5*w - 2*p = -3*p + i. What is the units digit of w?
6
Let u(w) = w**3 + w - 1. Let m(g) = 7*g**3 + 6*g - 5. Let h(b) = -2*m(b) + 10*u(b). Let z = -1459 + 1457. What is the tens digit of h(z)?
3
Suppose 15*g - 125 = 775. What is the tens digit of g?
6
Suppose 3*g - 59 = -14. Suppose -g*d = -20*d + 45. Suppose -3*v + 98 = 4*p, -55 + d = -v - 4*p. What is the units digit of v?
6
Let m(d) = 10*d - 13*d - d**2 - 12*d - 6. What is the units digit of m(-8)?
0
Let b = 236 + 94. Suppose 3*s = -b + 882. What is the hundreds digit of s?
1
What is the hundreds digit of 20670/21 - (-8)/(-140)*5?
9
What is the units digit of (8/(-14))/((100/70)/(-10))?
4
Let l(s) = 127*s**3 - s**2 + 1. Let p be l(1). Let w = -50 + p. Let d = -51 + w. What is the units digit of d?
6
Let d(b) be the third derivative of -5*b**2 + 0*b + 3*b**3 - 1/24*b**4 + 0. What is the units digit of d(13)?
5
What is the thousands digit of (21*8/(-36))/(6/(-2043))?
1
Suppose -5*c - 15 = 15. Let l(q) = -2 - 5 - 16*q - 5*q**2 + 7*q + 8*q - q**3. What is the tens digit of l(c)?
3
What is the hundreds digit of 30*57*2/4?
8
Let j be (2 - 3)*(-15 + 12). Let m(s) = s**3 + 4*s**2 - 4*s + 3. What is the units digit of m(j)?
4
What is the thousands digit of 1097 + 12 + 1 + -15?
1
Suppose 0 = -3*x + 6, 4*x = -k + 5*x + 901. What is the tens digit of k?
0
Let u(a) = 6*a**2 + 123*a + 51. What is the units digit of u(-25)?
6
Let n(i) = 7*i**2 - 24*i - 16. What is the hundreds digit of n(-10)?
9
Let x = -13 + 13. Suppose n + 0*n - 5*u - 100 = 0, u + 2 = x. What is the units digit of n?
0
Let s(f) = f**3 - 5*f**2 - 6*f. What is the units digit of s(7)?
6
Let w be -4 + (4 - -3) + -3. Suppose a + 3*k + 4 = -w*a, 4*a - 3*k - 29 = 0. Suppose -4*n = a*b + n - 70, 2*b - 22 = n. What is the tens digit of b?
1
Suppose -2*w = -6 - 8. Let i be (-1)/w + 297/21. What is the units digit of ((-12)/i)/((-6)/294)?
2
Let r(q) = -q + 1. Let h be r(4). Let a = h - 12. What is the tens digit of (a - -14)*-1*17?
1
Suppose -s + 4*r = -1253, s - 10*r + 12*r - 1271 = 0. What is the units digit of s?
5
Suppose 5*w - 9*c - 1256 = -5*c, 0 = -4*w - 4*c + 1012. What is the units digit of w?
2
Let s = 22 - 20. Suppose -j + 2*y - 23 + 75 = 0, -3*y + 97 = s*j. What is the units digit of j?
0
Let n = 22 - 16. Suppose -4*p + 4*u + 48 = 0, -p + u - 3*u = -n. Suppose 4 - p = -f. What is the units digit of f?
6
Suppose -7*t - 254 = -5*t. Let p = t + 244. What is the hundreds digit of p?
1
Let k(s) = -5*s - 1. Let g be (18/15)/(3/(-10)). Let v = -2 + g. What is the tens digit of k(v)?
2
Let b(l) = l**2 + 8*l - 4. Let o be b(-9). Let f = -17 - -29. Let p = o + f. What is the tens digit of p?
1
Let r(u) = 32*u + 5. Let f be r(6). Suppose -193 = -3*m + f. What is the 